{"version":"1.0","provider_name":"UFEZ","provider_url":"https:\/\/francaisdesuisse.ch\/wp\/site","author_name":"Dominique Gubser","author_url":"https:\/\/francaisdesuisse.ch\/wp\/site\/author\/dominique-gubser\/","title":"Une journ\u00e9e pour se souvenir - UFEZ","type":"rich","width":600,"height":338,"html":"<blockquote class=\"wp-embedded-content\" data-secret=\"9xw2UgUosY\"><a href=\"https:\/\/francaisdesuisse.ch\/wp\/site\/events\/event\/une-journee-pour-se-souvenir-2\/\">Une journ\u00e9e pour se souvenir<\/a><\/blockquote><iframe sandbox=\"allow-scripts\" security=\"restricted\" src=\"https:\/\/francaisdesuisse.ch\/wp\/site\/events\/event\/une-journee-pour-se-souvenir-2\/embed\/#?secret=9xw2UgUosY\" width=\"600\" height=\"338\" title=\"\u00ab\u00a0Une journ\u00e9e pour se souvenir\u00a0\u00bb &#8212; UFEZ\" data-secret=\"9xw2UgUosY\" frameborder=\"0\" marginwidth=\"0\" marginheight=\"0\" scrolling=\"no\" class=\"wp-embedded-content\"><\/iframe><script type=\"text\/javascript\">\n\/*! This file is auto-generated *\/\n!function(c,d){\"use strict\";var e=!1,o=!1;if(d.querySelector)if(c.addEventListener)e=!0;if(c.wp=c.wp||{},c.wp.receiveEmbedMessage);else if(c.wp.receiveEmbedMessage=function(e){var t=e.data;if(!t);else if(!(t.secret||t.message||t.value));else if(\/[^a-zA-Z0-9]\/.test(t.secret));else{for(var r,s,a,i=d.querySelectorAll('iframe[data-secret=\"'+t.secret+'\"]'),n=d.querySelectorAll('blockquote[data-secret=\"'+t.secret+'\"]'),o=new RegExp(\"^https?:$\",\"i\"),l=0;l<n.length;l++)n[l].style.display=\"none\";for(l=0;l<i.length;l++)if(r=i[l],e.source!==r.contentWindow);else{if(r.removeAttribute(\"style\"),\"height\"===t.message){if(1e3<(s=parseInt(t.value,10)))s=1e3;else if(~~s<200)s=200;r.height=s}if(\"link\"===t.message)if(s=d.createElement(\"a\"),a=d.createElement(\"a\"),s.href=r.getAttribute(\"src\"),a.href=t.value,!o.test(a.protocol));else if(a.host===s.host)if(d.activeElement===r)c.top.location.href=t.value}}},e)c.addEventListener(\"message\",c.wp.receiveEmbedMessage,!1),d.addEventListener(\"DOMContentLoaded\",t,!1),c.addEventListener(\"load\",t,!1);function t(){if(o);else{o=!0;for(var e,t,r,s=-1!==navigator.appVersion.indexOf(\"MSIE 10\"),a=!!navigator.userAgent.match(\/Trident.*rv:11\\.\/),i=d.querySelectorAll(\"iframe.wp-embedded-content\"),n=0;n<i.length;n++){if(!(r=(t=i[n]).getAttribute(\"data-secret\")))r=Math.random().toString(36).substr(2,10),t.src+=\"#?secret=\"+r,t.setAttribute(\"data-secret\",r);if(s||a)(e=t.cloneNode(!0)).removeAttribute(\"security\"),t.parentNode.replaceChild(e,t);t.contentWindow.postMessage({message:\"ready\",secret:r},\"*\")}}}}(window,document);\n<\/script>\n","description":"\u00a0 Comm\u00e9moration du 11 novembre 1918 et Journ\u00e9e du Souvenir Vous \u00eates tous invit\u00e9s \u00e0 prendre part \u00e0 cette c\u00e9r\u00e9monie qui aura lieu au cimeti\u00e8re de Manegg sous le haut patronage de Monsieur Laurent Alberti,Consul G\u00e9n\u00e9ral de France \u00e0 Z\u00fcrich Le samedi 15 novembre 2025\u00a0 Programme 11h00 : Hommage \u00e0 tous les \u00ab Morts pour"}

Une journée pour se souvenir - UFEZ

<blockquote class="wp-embedded-content" data-secret="9xw2UgUosY"><a href="https://francaisdesuisse.ch/wp/site/events/event/une-journee-pour-se-souvenir-2/">Une journée pour se souvenir</a></blockquote><iframe sandbox="allow-scripts" security="restricted" src="https://francaisdesuisse.ch/wp/site/events/event/une-journee-pour-se-souvenir-2/embed/#?secret=9xw2UgUosY" width="600" height="338" title="« Une journée pour se souvenir » &#8212; UFEZ" data-secret="9xw2UgUosY" frameborder="0" marginwidth="0" marginheight="0" scrolling="no" class="wp-embedded-content"></iframe><script type="text/javascript">
/*! This file is auto-generated */
!function(c,d){"use strict";var e=!1,o=!1;if(d.querySelector)if(c.addEventListener)e=!0;if(c.wp=c.wp||{},c.wp.receiveEmbedMessage);else if(c.wp.receiveEmbedMessage=function(e){var t=e.data;if(!t);else if(!(t.secret||t.message||t.value));else if(/[^a-zA-Z0-9]/.test(t.secret));else{for(var r,s,a,i=d.querySelectorAll('iframe[data-secret="'+t.secret+'"]'),n=d.querySelectorAll('blockquote[data-secret="'+t.secret+'"]'),o=new RegExp("^https?:$","i"),l=0;l<n.length;l++)n[l].style.display="none";for(l=0;l<i.length;l++)if(r=i[l],e.source!==r.contentWindow);else{if(r.removeAttribute("style"),"height"===t.message){if(1e3<(s=parseInt(t.value,10)))s=1e3;else if(~~s<200)s=200;r.height=s}if("link"===t.message)if(s=d.createElement("a"),a=d.createElement("a"),s.href=r.getAttribute("src"),a.href=t.value,!o.test(a.protocol));else if(a.host===s.host)if(d.activeElement===r)c.top.location.href=t.value}}},e)c.addEventListener("message",c.wp.receiveEmbedMessage,!1),d.addEventListener("DOMContentLoaded",t,!1),c.addEventListener("load",t,!1);function t(){if(o);else{o=!0;for(var e,t,r,s=-1!==navigator.appVersion.indexOf("MSIE 10"),a=!!navigator.userAgent.match(/Trident.*rv:11\./),i=d.querySelectorAll("iframe.wp-embedded-content"),n=0;n<i.length;n++){if(!(r=(t=i[n]).getAttribute("data-secret")))r=Math.random().toString(36).substr(2,10),t.src+="#?secret="+r,t.setAttribute("data-secret",r);if(s||a)(e=t.cloneNode(!0)).removeAttribute("security"),t.parentNode.replaceChild(e,t);t.contentWindow.postMessage({message:"ready",secret:r},"*")}}}}(window,document);
</script>

Commémoration du 11 novembre 1918 et Journée du Souvenir Vous êtes tous invités à prendre part à cette cérémonie qui aura lieu au cimetière de Manegg sous le haut patronage de Monsieur Laurent Alberti,Consul Général de France à Zürich Le samedi 15 novembre 2025  Programme 11h00 : Hommage à tous les « Morts pour
